 = -q**3 + 28*q**2 + 897*q - 86. Give k(47).
102
Let c(v) = -11794*v - 47236. Determine c(-4).
-60
Let d(w) = 27*w**2 + 6*w - 8. Calculate d(-2).
88
Let v(c) = 7*c**3 - 7*c**2 + 30*c - 105. Calculate v(7).
2163
Let s(k) = k**2 - 194*k - 8317. What is s(230)?
-37
Let r(l) = -3*l**2 - 1040*l + 16278. What is r(15)?
3
Let q(o) = o**3 + 1310*o**2 - 7569*o - 3039279. What is q(-1314)?
3
Let t(i) = 3423*i - 20384. Give t(6).
154
Let v(g) = 370*g - 14356. Calculate v(36).
-1036
Let u(w) = 163*w - 4393. What is u(27)?
8
Let d(b) = 13344*b + 17320538. What is d(-1298)?
26
Let r(l) = -1482*l - 281583. What is r(-190)?
-3
Let h(f) = -39983*f + 42419. What is h(1)?
2436
Let a(g) = -41*g**2 - 472*g + 7560. Give a(9).
-9
Let u(f) = -2*f**3 - 57*f**2 + 197*f - 872. Give u(-32).
-8
Let y(c) = 2*c**2 - 4753*c - 47752. What is y(-10)?
-22
Let w(o) = -1591*o - 257696. Determine w(-162).
46
Let y(b) = -224*b**3 + 2*b**2 + 6*b - 5. Determine y(1).
-221
Let y(q) = -2861*q + 5405. Calculate y(2).
-317
Let u(b) = -b**2 + 130*b + 88798. Give u(-240).
-2
Let r(c) = 15130*c - 1316385. What is r(87)?
-75
Let a(i) = 4451*i + 44603. Give a(-10).
93
Let g(y) = -y**3 + 225*y**2 - 12646*y - 438. Calculate g(110).
2
Let f(b) = 1447*b - 95628. Calculate f(66).
-126
Let j(z) = 114*z**3 + 685*z**2 + 2735*z + 16382. Give j(-6).
8
Let w(c) = 81977*c - 163965. Give w(2).
-11
Let c(w) = w**3 - 72*w**2 + 167*w + 35648. Calculate c(32).
32
Let b(a) = 4*a**2 - 117749*a + 353206. Give b(3).
-5
Let j(o) = 8*o**2 + 12149*o + 909836. What is j(-79)?
-7
Let s(p) = 2088*p - 18826. Give s(9).
-34
Let t(d) = 484*d - 6226. Determine t(13).
66
Let u(c) = 2*c**3 + 34*c**2 - 895*c - 14879. Determine u(-16).
-47
Let f(d) = 156*d - 4298. Determine f(17).
-1646
Let c(m) = 1265*m**2 - 6314*m - 63. Give c(5).
-8
Let r(y) = 131*y - 17110. Give r(131).
51
Let s(h) = 13218*h + 451. What is s(0)?
451
Let s(g) = 7325*g - 51495. Give s(7).
-220
Let p(x) = -850*x - 79049. Calculate p(-93).
1
Let j(o) = 297*o - 11608. What is j(38)?
-322
Let y(o) = 995*o - 10334. Give y(11).
611
Let v(s) = 3*s**3 - 53*s**2 + 104*s - 120. Determine v(15).
-360
Let c(d) = -d**3 + 12*d**2 - 1468*d + 11482. What is c(8)?
-6
Let t(x) = 24*x**3 - 126*x**2 + 506*x - 4. Determine t(6).
3680
Let y(o) = -2*o**3 - 548*o**2 - 28570*o - 699. What is y(-70)?
1
Let m(b) = b**2 + 56691*b + 283421. Calculate m(-5).
-9
Let p(x) = x**3 + 7*x**2 - 3553*x - 41918. Determine p(-12).
-2
Let v(m) = m**3 - 8*m**2 + 67*m - 433. Determine v(7).
-13
Let k(s) = s**2 + 627*s + 17532. Calculate k(-31).
-944
Let h(c) = -2*c**3 - 25*c**2 + 202*c + 85. What is h(-19)?
940
Let d(x) = 5*x - 208. Calculate d(-58).
-498
Let i(k) = 2*k**2 + 36*k + 82. What is i(-16)?
18
Let b(v) = 3*v**3 - 7*v**2 - 219*v + 743. Give b(4).
-53
Let v(k) = k**2 + 293*k + 17037. Determine v(-213).
-3
Let c(w) = -w**3 + 246*w**2 - 14998*w + 1723. What is c(135)?
-32
Let a(i) = 526*i - 167269. What is a(318)?
-1
Let i(p) = p**2 - 111*p - 8174. Calculate i(158).
-748
Let m(k) = -5*k**3 - 168*k**2 + 1067*k + 16207. Give m(-37).
1
Let l(f) = -f**2 - 113*f - 4838. What is l(-71)?
-1856
Let b(n) = -14237*n + 1594549. What is b(112)?
5
Let k(a) = 38347*a - 805281. Calculate k(21).
6
Let t(l) = -7*l**3 + 62*l**2 - 51*l - 72. Give t(8).
-96
Let x(k) = -51532*k + 2628171. Give x(51).
39
Let l(r) = -3*r**2 + 234*r + 16663. Determine l(123).
58
Let s(d) = 289*d - 2763. Determine s(10).
127
Let j(u) = u**3 + 23*u**2 - 1586*u - 37497. Give j(-24).
-9
Let u(j) = -j**2 - 1315*j - 28438. Determine u(-22).
8
Let t(k) = -2195*k + 116407. Calculate t(53).
72
Let z(y) = -481*y + 56295. What is z(117)?
18
Let l(y) = 106*y - 2073. Give l(20).
47
Let l(b) = -b**3 + 44*b**2 - 26115*b + 1121093. What is l(43)?
-3
Let a(h) = h**2 - 2935*h - 85720. Give a(-29).
236
Let a(y) = -45974*y - 367767. Determine a(-8).
25
Let f(j) = -7*j**3 - j**2 - 94*j - 509. What is f(-7)?
2501
Let k(z) = -10*z**2 + 21507*z + 216048. Determine k(-10).
-22
Let p(m) = -m**3 - 133*m**2 + 38*m + 2583. Determine p(-133).
-2471
Let n(h) = -130212*h + 260437. Calculate n(2).
13
Let l(n) = -n**3 - 1366*n**2 - 13561*n + 16. Determine l(-10).
26
Let n(d) = -3283*d - 2261979. What is n(-689)?
8
Let p(j) = 2*j**3 - 1134*j**2 + 158761*j - 358. Determine p(315).
-43
Let d(o) = -27*o**2 - 3089*o + 1843. Calculate d(-115).
3
Let j(q) = -96518*q + 2026882. What is j(21)?
4
Let h(w) = 200*w + 487. Determine h(-2).
87
Let i(d) = 282*d**2 + 146*d + 284. Calculate i(-2).
1120
Let z(o) = -2*o**3 + 56*o**2 - 263*o + 13. What is z(22)?
35
Let j(l) = -852*l - 76154. Determine j(-89).
-326
Let q(g) = 27*g**3 + 1007*g**2 - 1790*g + 88. Determine q(-39).
-68
Let p(v) = 2805*v - 106607. Determine p(38).
-17
Let u(z) = -7463*z - 171650. What is u(-23)?
-1
Let z(p) = 9280*p + 278794. Give z(-30).
394
Let u(t) = t**3 + 1260*t**2 - 10143*t - 13. Calculate u(8).
-5
Let f(z) = -3*z**2 - 1583*z - 25329. What is f(-16)?
-769
Let g(s) = 3*s**2 + 3260*s - 66192. Calculate g(20).
208
Let p(u) = 36*u**2 - 9063*u + 6800. What is p(251)?
23
Let p(y) = y**3 - 40*y**2 + 390*y - 20. What is p(12)?
628
Let g(o) = -96119*o**2 + 576721*o - 50. Determine g(6).
-8
Let s(v) = 2*v**2 + 3715*v + 194772. Determine s(-54).
-6
Let x(m) = -m**3 + 10*m**2 + 495*m - 1034. Give x(2).
-12
Let h(o) = 13*o**2 + 351*o + 923. Give h(-3).
-13
Let r(l) = l**3 + 12*l**2 - 79*l - 1262. Give r(-12).
-314
Let g(o) = -4232*o**2 + 71*o - 74. Determine g(1).
-4235
Let l(c) = -5*c**2 - 173*c + 983. Determine l(5).
-7
Let o(n) = 60*n**2 + 376*n + 745. Calculate o(-2).
233
Let f(d) = 6*d**2 - 99*d - 299. Calculate f(-3).
52
Let g(i) = -3*i**2 - 1088*i - 41759. Calculate g(-319).
30
Let a(k) = 10310*k + 102094. Determine a(-10).
-1006
Let f(g) = 2*g**2 - 119*g + 801. Calculate f(40).
-759
Let a(r) = 8*r**2 + 70*r + 6. What is a(-7)?
-92
Let q(m) = m**2 - 278*m - 1720. Give q(-6).
-16
Let q(d) = -139*d + 10299. Determine q(75).
-126
Let q(h) = -18*h**3 + 81*h**2 - 18*h + 6. Determine q(5).
-309
Let r(b) = -3335*b + 9037842. Give r(2710).
-8
Let a(b) = 2*b**2 - 263*b + 9132. Give a(32).
2764
Let f(i) = 7*i**2 - 733*i - 37967. Give f(-38).
-5
Let k(o) = -2*o**2 + 4*o - 6. Calculate k(-5).
-76
Let p(o) = -o**3 + 3*o**2 - 317*o + 1623. Give p(5).
-12
Let p(f) = 3989*f - 957358. Give p(240).
2
Let k(u) = 4*u**2 - 4630*u + 27775. What is k(6)?
139
Let j(s) = 61974*s + 495775. Calculate j(-8).
-17
Let z(l) = -l**2 + 33*l + 73. Determine z(0).
73
Let a(s) = s**3 - 378*s**2 + 1471*s + 9477. Give a(374).
127
Let m(i) = -i**2 + 107*i + 441. Determine m(113).
-237
Let i(h) = 2*h**3 - 53345*h**2 - 266787*h - 42. Calculate i(-5).
18
Let n(t) = -308*t - 2010. Determine n(-7).
146
Let l(n) = n**3 + 62*n**2 - 76*n - 274. Give l(-63).
545
Let c(b) = -777*b + 768. Calculate c(1).
-9
Let n(p) = 197*p - 3093. What is n(13)?
-532
Let l(r) = -r**3 + 96*r**2 + 3321*r + 135. Give l(123).
135
Let o(j) = j**3 + 11*j**2 - 12323*j - 331717. Calculate o(-28).
-1
Let l(r) = 933*r**3 + 4663*r**2 + 78*r + 443. Give l(-5).
3
Let c(a) = 10*a**3 + 6*a**2 + 20*a + 34. What is c(-2)?
-62
Let d(j) = -9*j**3 - 12*j**2 + 77*j - 70. What is d(5)?
-1110
Let v(i) = 1791*i**2 - 503270*i - 302. What is v(281)?
-21
Let q(g) = 4*g**2 - 5067*g - 113428. Calculate q(-22).
-18
Let q(j) = -4*j**3 - 30*j**2 + 7*j + 18. What is q(-3)?
-165
Let q(g) = 2*g**2 - 4542*g + 1209200. Determine q(1963).
-8
Let v(z) = z**3 + 101*z**2 + 622*z - 3317. Calculate v(-94).
67
Let c(t) = -t**2 + 612783*t - 612782. What is c(1)?
0
Let v(f) = -3951*f - 114629. Calculate v(-29).
-50
Let c(g) = -g**3 - 2142*g**2 - 887962*g - 1127. Determine c(-562).
-3
Let u(h) = -531*h**2 - 5294*h + 167. Determine u(-10).
7
Let u(c) = 38422*c + 154178. Calculate u(-4).
490
Let z(r) = 1644*r + 60270. What is z(-39)?
-3846
Let l(g) = -7*g**3 - 217*g**2 + 10*g + 402. Determine l(-31).
92
Let c(x) = -x**2 + 351*x - 18809. Calculate c(67).
219
Let t(m) = 92441*m - 2588286. Calculate t(28).
62
Let c(r) = -7*r**2 - 467*r - 450. What is c(-66)?
-120
Let m(d) = 10*d**2 - 195*d + 2044. What is m(11)?
1109
Let f(l) = l**2 - 348497*l - 1393996. Calculate f(-4).
8
Let c(r) = -2383*r - 131083. Give c(-55).
-18
Let l(h) = -1411*h - 4030. What is l(-4)?
1614
Let o(t) = 166*t - 3514. Give o(16).
-858
Let r(f) = -64